70396957.
19, 563, 6581
What are the prime factors of 60408712?
2, 7, 13, 491
List the prime factors of 743719250.
2, 5, 1201, 2477
What are the prime factors of 69841293?
3, 79, 157, 1877
List the prime factors of 650575804.
2, 113, 337, 4271
What are the prime factors of 69121118?
2, 11, 23, 136603
List the prime factors of 376649016.
2, 3, 15693709
What are the prime factors of 113583524?
2, 251, 113131
List the prime factors of 5565391442.
2, 13, 214053517
List the prime factors of 129312347.
19, 6805913
List the prime factors of 13275377.
13275377
What are the prime factors of 375450523?
7, 47, 113, 10099
List the prime factors of 132583623.
3, 353, 125197
What are the prime factors of 29705971?
29705971
What are the prime factors of 17101130?
2, 5, 79, 21647
What are the prime factors of 1793524644?
2, 3, 887, 56167
What are the prime factors of 7719462578?
2, 17, 139, 1633403
List the prime factors of 980367199.
7, 83, 541, 3119
What are the prime factors of 1047751732?
2, 19, 3089, 4463
List the prime factors of 119749376.
2, 509, 919
What are the prime factors of 518067387?
3, 23, 229, 3643
What are the prime factors of 594857137?
7, 2927, 29033
What are the prime factors of 9759128?
2, 1219891
List the prime factors of 143903532.
2, 3, 2003, 5987
What are the prime factors of 297486856?
2, 569, 65353
List the prime factors of 518645624.
2, 7, 31, 298759
List the prime factors of 654963799.
7, 79, 107, 11069
List the prime factors of 332476625.
5, 13, 204601
What are the prime factors of 7519687?
7, 19, 41, 197
What are the prime factors of 414662389?
79, 5248891
List the prime factors of 1888731107.
2657, 710851
List the prime factors of 465791996.
2, 43, 47, 157, 367
List the prime factors of 3262574742.
2, 3, 7, 53, 209381
What are the prime factors of 8502988?
2, 13, 101, 1619
What are the prime factors of 153933860?
2, 5, 7696693
What are the prime factors of 272929618?
2, 13, 733, 14321
What are the prime factors of 27004784?
2, 1687799
List the prime factors of 44262889.
11, 365809
List the prime factors of 330488623.
17627, 18749
List the prime factors of 4264543367.
7, 23, 61, 67, 6481
What are the prime factors of 1650968775?
3, 5, 67, 109517
What are the prime factors of 5902925603?
107, 55167529
What are the prime factors of 635841581?
109, 5833409
What are the prime factors of 511834177?
97, 271, 19471
List the prime factors of 51455257.
7, 31, 59, 4019
What are the prime factors of 123464009?
953, 129553
List the prime factors of 273650951.
7, 431, 90703
What are the prime factors of 4754470714?
2, 7, 23, 29, 97, 181
List the prime factors of 509344614.
2, 3, 23, 1230301
What are the prime factors of 144080342?
2, 7, 109, 263, 359
What are the prime factors of 3396874442?
2, 13, 71, 313, 5879
List the prime factors of 350183266.
2, 175091633
What are the prime factors of 798007669?
151, 5284819
What are the prime factors of 164286479?
7, 29, 47, 67, 257
List the prime factors of 223790304.
2, 3, 59, 39511
List the prime factors of 240110166.
2, 3, 40018361
List the prime factors of 79374145.
5, 83, 193, 991
What are the prime factors of 142494570?
2, 3, 5, 1583273
What are the prime factors of 533002895?
5, 106600579
What are the prime factors of 668955847?
7, 29, 83, 39703
What are the prime factors of 2828909569?
2828909569
List the prime factors of 50433571.
50433571
List the prime factors of 67144156.
2, 43, 390373
What are the prime factors of 1117374180?
2, 3, 5, 13, 1432531
List the prime factors of 183082423.
19, 29, 332273
What are the prime factors of 254686317?
3, 19, 281, 15901
List the prime factors of 4459957362.
2, 3, 7, 19, 9857
What are the prime factors of 365110502?
2, 182555251
List the prime factors of 120185718.
2, 3, 23, 870911
List the prime factors of 182721295.
5, 36544259
List the prime factors of 35337275.
5, 139, 10169
What are the prime factors of 2241071?
7, 320153
What are the prime factors of 112883533?
7, 433, 37243
List the prime factors of 106411094.
2, 53205547
List the prime factors of 152765580.
2, 3, 5, 11, 231463
What are the prime factors of 141608909?
13, 59, 184627
List the prime factors of 28260549.
3, 1046687
List the prime factors of 85938971.
23, 3736477
List the prime factors of 620101447.
7, 88585921
What are the prime factors of 1164347456?
2, 18192929
List the prime factors of 815251310.
2, 5, 67, 1216793
What are the prime factors of 40776046?
2, 263, 77521
List the prime factors of 1932075403.
31, 62325013
What are the prime factors of 323948201?
149, 569, 3821
What are the prime factors of 167911080?
2, 3, 5, 149, 9391
List the prime factors of 6412028430.
2, 3, 5, 101, 251, 8431
What are the prime factors of 1457436192?
2, 3, 19, 419, 1907
List the prime factors of 10040543.
43, 103, 2267
List the prime factors of 73892477.
73892477
What are the prime factors of 58914998?
2, 211, 139609
What are the prime factors of 11425992?
2, 3, 19, 25057
List the prime factors of 1573090203.
3, 911, 575591
List the prime factors of 2153393235.
3, 5, 7, 461, 4943
List the prime factors of 33003059.
43, 767513
List the prime factors of 24098459.
7, 11, 312967
What are the prime factors of 44713069?
44713069
What are the prime factors of 407246897?
16843, 24179
List the prime factors of 12451861.
2027, 6143
List the prime factors of 128420136.
2, 3, 13, 137201
What are the prime factors of 113582646?
2, 3, 19, 332113
What are the prime factors of 579256006?
2, 7, 1607, 25747
List the prime factors of 185187200.
2, 5, 11, 5261
What are the prime factors of 2493326604?
2, 3, 19, 41, 109, 2447
What are the prime factors of 66193133?
5849, 11317
List the prime factors of 283291052.
2, 11, 43, 149731
List the prime factors of 205807582.
2, 19, 643, 8423
What are the prime factors of 3323897931?
3, 1107965977
List the prime factors of 1974746458.
2, 83, 11896063
List the prime factors of 324827844.
2, 3, 11, 2460817
List the prime factors of 4688122754.
2, 7, 79, 1009, 4201
List the prime factors of 1098311858.
2, 7, 78450847
What are the prime factors of 110837265?
3, 5, 7, 11, 13709
List the prime factors of 56595.
3, 5, 7, 11
What are the prime factors of 1140912938?
2, 11, 167, 193, 1609
What are the prime factors of 314369429?
11, 28579039
List the prime factors of 86487896.
2, 11, 47, 1901
What are the prime factors of 244941782?
2, 122470891
What are the prime factors of 196619354?
2, 41, 599, 4003
List the prime factors of 212444717.
211, 1006847
What are the prime factors of 19030638?
2, 3, 11, 2383
List the prime factors of 1796426511.
3, 11, 1451, 37517
What are the prime factors of 3805993480?
2, 5, 95149837
What are the prime factors of 553853137?
4259, 130043
What are the prime factors of 41711667?
3, 13903889
List the prime factors of 159430187.
7, 22775741
List the prime factors of 2533832.
2, 7, 45247
List the prime factors of 504342278.
2, 11, 113, 18443
List the prime factors of 15968552.
2, 151, 13219
What are the prime factors of 64916734?
2, 5171, 6277
List the prime factors of 253413289.
253413289
What are the prime factors of 145175949?
3, 877, 6131
List the prime factors of 5322364360.
2, 5, 19, 7003111
What are the prime factors of 1322814933?
3, 11, 1259, 10613
What are the prime factors of 518117356?
2, 5011, 25849
What are the prime factors of 511587488?
2, 131, 122039
List the prime factors of 11987864.
2, 7, 214069
List the prime factors of 87034007.
61, 683, 2089
What are the prime factors of 713784601?
5717, 124853
List the prime factors of 414917677.
23, 59, 305761
What are the prime factors of 41504671?
13, 53, 59, 1021
List the prime factors of 1919898533.
7, 274271219
What are the prime factors of 6418589?
1861, 3449
What are the prime factors of 104636673?
3, 43, 270379
What are the prime factors of 5439848?
2, 679981
What are the prime factors of 69677573?
7, 41, 242779
What are the prime factors of 6246800940?
2, 3, 5, 104113349
What are the prime factors of 160616103?
3, 3607, 14843
List the prime factors of 924146873.
13, 211, 336911
List the prime factors of 31796820.
2, 3, 5, 11, 53, 101
What are the prime factors of 134957228?
2, 7, 19, 253679
List the prime factors of 844306217.
389, 2170453
List the prime factors of 137908154.
2, 131, 5